
Suppose -4*u = -2*u - 44. Let a(g) = -g**3 - 141*g**2 + 289*g + 555. What is the remainder when a(-143) is divided by u?
16
Let u = -26 - -52. Suppose 3*k + 5*v = u, 3*k - 22 = 2*v - 3*v. Calculate the remainder when 16 is divided by k.
2
Suppose 2*l + 3*o = 5*o - 142, -l = 2*o + 74. What is the remainder when 43 is divided by l/(-192) - 522/(-16)?
10
Let p = -55 - -134. What is the remainder when p is divided by 1697746/41422 - 4/(-298)?
38
Let g(s) = -s**3 - 9*s**2 - 9*s - 15. Suppose -2*i + 43*f = 41*f - 102, -5*f = -i + 71. What is the remainder when g(-10) is divided by i?
37
Calculate the remainder when 289 is divided by (-37*3/2)/((-171)/18 + 8).
30
Let h(l) = -l**3 - 9*l**2 - 4*l - 2. Let j be h(-9). Let b = -28 + j. Calculate the remainder when (-98)/b*(-12 - -6) is divided by 50.
48
Suppose 7*w + 32*w = -41*w + 960. Calculate the remainder when 67 is divided by w.
7
Suppose 3*b + 310 = 469. Suppose 0 = -4*i + 3*d + b, -26*d + 21*d - 51 = -4*i. What is the remainder when i is divided by (-1 - -5)*(-33)/(-12)?
3
Let i be (-10 + 12)*28/(2 + -4). Let q be 6*(-3 + i/(-8)). Suppose 3*d + 15 = 0, 2 = -t - 0*t - q*d. What is the remainder when 37 is divided by t?
11
Let y(t) = -8*t**2 - 203*t + 143. Calculate the remainder when y(-26) is divided by 4 - -1 - (3 + -1).
1
Let i = -582 + 761. Calculate the remainder when i is divided by (-9)/6 + 39/2.
17
Let h = 2787 + -2770. Calculate the remainder when h is divided by 1.
0
Suppose 52*x = -4*w + 57*x + 199, 0 = 4*x - 20. What is the remainder when w is divided by 30?
26
Suppose 29 = 4*b - 127. Suppose 13*k + 403 = 4*d + 12*k, 106 = d - 2*k. What is the remainder when d is divided by b?
22
Suppose -2*n - 14 = 3*q - 60, 0 = -5*q - 3*n + 75. Let h be 12/((3/4)/(7/14)). Let o(s) = -5*s + 63. Calculate the remainder when o(h) is divided by q.
11
Suppose 4*m + 12 = 0, 5*c = -5*m + 484 + 151. Suppose -2*o - 4*v + c = 0, 8*v - 4*v = 4*o - 308. What is the remainder when o is divided by 38?
35
Calculate the remainder when (-19 + 0)/((-2)/10) is divided by 62 - (-90)/(-15) - (8 + -1).
46
Let n(h) = -10 - 9*h**2 - 9*h**2 + 27*h**2 - h**3 + 8*h. Calculate the remainder when n(8) is divided by 5*(-2 + -14)/(-2).
38
Let s = 57 - 60. Let f be (-2)/(0 - 4 - s). Suppose a + 161 = 3*g + 6*a, -f*g = -3*a - 139. What is the remainder when g is divided by 21?
20
Let h = -191 - -280. Calculate the remainder when h is divided by (-6)/(-16) + 621/72 - -6.
14
Suppose 47*l - 3107 = -5*r + 50*l, 3*r - 4*l - 1862 = 0. What is the remainder when 1867 is divided by r?
1
Suppose 5*t = -5*x + 45, 0 = 14*x - 13*x + 3*t - 11. Calculate the remainder when 6/4*((-4560)/(-9))/x is divided by 20.
15
Let u(a) = a + 29 + a - 4*a. Let m be 4/22 + -79*(-5)/(-55). What is the remainder when u(m) is divided by 15?
13
Let h(n) = -n**3 + 12*n**2 - 4*n - 5. Let v(d) = d**3 - 41*d**2 + 126*d - 1851. Calculate the remainder when h(6) is divided by v(39).
19
Let k = 185 - 942. Let f = 785 + k. Calculate the remainder when 154 is divided by f.
14
Suppose 4*r - 356 = 4*s, -s + 98 = r - 5*s. Suppose 2*y + 1 = 4*w + 57, -4*y - 5*w + 138 = 0. Calculate the remainder when r is divided by y.
22
Suppose -5*f = -5*s - 390, -4*f + 3*s = -5*f + 106. Calculate the remainder when 247 is divided by f.
77
Let v = -9259 + 9300. Calculate the remainder when 436 is divided by v.
26
What is the remainder when 507815/363 - (-34)/561 is divided by 86?
23
Let l(x) = -x**2 - 297*x - 1150. Let o(z) = 34*z**3 - 3*z**2 + 2*z - 3. Calculate the remainder when o(2) is divided by l(-4).
19
Let q be 5789/(-35) - 15/25. Let s = q + 174. Calculate the remainder when 15 is divided by s.
7
Calculate the remainder when 151 is divided by (16425/(-375))/(3/(-5)).
5
Suppose -3*t = x - 122, -2*t = -t + 3*x - 38. Suppose 5*y - 3*a = 159, y + 10 = a + t. What is the remainder when 4952/52 + (-7 - 616/(-91)) is divided by y?
29
Suppose -38461 = 19*g - 39753. What is the remainder when 309 is divided by g?
37
Suppose 0 = -c - 3*p + 7*p + 13, 0 = -5*c + 2*p + 101. Suppose 0 = -3*h + 45 + 144. Suppose -23 = 5*y - h. What is the remainder when c is divided by y?
5
Suppose -18*f + 1027 + 843 + 542 = 0. Calculate the remainder when 192 is divided by f.
58
Let x = 3956 - 3901. Calculate the remainder when 274 is divided by x.
54
Let x(k) be the first derivative of 3*k**2 - k + 3. What is the remainder when 54 is divided by x(2)?
10
Suppose 5*n - 3841 = n - 5*d, n + 3*d - 962 = 0. Suppose -2*c + 12 = 14, 5*v = 4*c + n. Let w = -24 - -48. What is the remainder when v is divided by w?
23
Let l(z) = -2*z + 8. Let x = 24 - 20. Let f be l(x). Calculate the remainder when 26 is divided by ((-10)/15 + f)*-21.
12
Let z be (1 - 2 - -1) + -333. Let f = 19 - 493. Let y = z - f. Calculate the remainder when y is divided by 24.
21
Let m(a) = a**3 - 12*a**2 - 13*a + 5. Let q be m(13). Suppose q*c - 91 = 224. Let w = -28 + c. What is the remainder when w is divided by 18?
17
Suppose 2621 - 1039 = 7*y. Let m = y + -217. Let h(s) = 5*s + 5. What is the remainder when h(6) is divided by m?
8
Suppose -1999*j + 124 = -1997*j. What is the remainder when j is divided by 4/(-8) + (1 - (-134)/4)?
28
Suppose 2*k = 2*p + 236 + 124, -4*k = -6*p - 714. Calculate the remainder when k is divided by 95.
88
Let h(w) = -1381*w - 5416. What is the remainder when 7881 is divided by h(-4)?
105
Let k(b) = b**3 - 6*b**2 - 8*b + 23. Let g be ((-1)/2)/((-10)/140). What is the remainder when 52 is divided by k(g)?
4
Let a = -30 + 30. Suppose 11*p - p + 210 = a. What is the remainder when 68 is divided by (1020/p)/(-5) - (-2)/7?
8
Let z be 8 + (5 - (1 + 0)). Let w(c) = c**3 - 13*c**2 + 6*c + 6. Let u be w(z). Let f = u + 91. Calculate the remainder when 74 is divided by f.
24
What is the remainder when (-24)/(-324) - 20046298/(-918) is divided by 112?
109
Suppose 0 = -x - k + 120 + 30, x - 4*k - 150 = 0. Suppose 0 = -2*m + 1044 + x. What is the remainder when m is divided by 75?
72
Let d be (-3)/(5 + -11) + 473/(-2). Let y = d - -267. Calculate the remainder when 167 is divided by y.
12
What is the remainder when 796 is divided by 6 + 4 + -1 + (-39)/(-13)?
4
Let a(i) = 52*i - 42. Let z be a(6). Let t = z + -251. Calculate the remainder when 129 is divided by t.
15
Suppose i - r + 1708 = 0, 0 = 3*i + 2*i - 4*r + 8539. Let j = 2725 + i. Suppose 10*q = j - 308. What is the remainder when q is divided by 18?
17
Suppose 0*f + o + 160 = -3*f, -4*f - 3*o - 210 = 0. Let i = -14 + 27. Calculate the remainder when i is divided by -12*((-4)/(-18) + 39/f).
1
Suppose 56*d = -5*d - 8*d + 4485. Calculate the remainder when 134 is divided by d.
4
Let r be -96 - (-1 - (-5 - -4)) - 0. Let h = r - -112. What is the remainder when 44 is divided by h?
12
Let p(q) = -744*q**3 + q**2 - 109*q - 111. Calculate the remainder when p(-1) is divided by 22.
17
Suppose -73*b + 78*b = -4*w + 72, 0 = 5*b - 4*w - 128. What is the remainder when 358 is divided by b?
18
Suppose 206*b = -209*b + 25*b + 2730. Calculate the remainder when 4696 is divided by b.
6
Let n be 551/(-58)*(-2 - 0)/1. Suppose -n*s + 2769 = -6*s. What is the remainder when s is divided by 72?
69
What is the remainder when 13517/1176*12 - (-1)/14 is divided by 70?
68
Let y(i) = -5*i**2 + 162*i - 644. Calculate the remainder when 166 is divided by y(27).
81
Let r be 8 - (-4)/(-12)*(-4 + 13). Suppose r*w - i = 16, -2*i + 0 + 8 = 0. Calculate the remainder when 75 is divided by w.
3
Let y = 0 - -9. Let i(q) = q**2 + 14*q + 40. Let w be i(-10). Suppose 0*f + 4 = -3*u - 2*f, u - 5*f - 27 = w. What is the remainder when y is divided by u?
1
Let u be (-1 - (-3)/(-2))*(-306)/(-85). Let q(m) = m**2 + 2 + 1 + 5 + 7*m - 1. What is the remainder when 99 is divided by q(u)?
24
Suppose -68 = -5*w - 5*s - 13, -s + 26 = 6*w. Let h(i) = 6*i. Let b be h(-1). Calculate the remainder when (2/b)/((-4)/276) is divided by w.
2
What is the remainder when 135 is divided by 3/(-2)*(-20)/90*87?
19
Suppose -348 = 8*j - 12*j. Let u = 52 - j. Let k = 42 + u. Calculate the remainder when k is divided by 2.
1
Let d(i) = -i**2 - 33*i + 21. Let y be d(-33). Suppose -9544 - 473 = -y*l. What is the remainder when l is divided by 24?
21
Suppose 5*o = 4*s - 9*s + 1430, 0 = 3*s. Suppose 34 = 4*a - o. What is the remainder when a is